s the greatest common divisor of 247114 and 532?
266
Calculate the highest common divisor of 2152064 and 172.
172
What is the highest common divisor of 2010 and 303108?
402
Calculate the highest common factor of 1614548 and 104.
52
Calculate the greatest common divisor of 1079857 and 34.
17
Calculate the greatest common divisor of 2457 and 290108.
91
Calculate the highest common divisor of 10586 and 536.
134
Calculate the greatest common factor of 263277 and 441.
441
What is the greatest common factor of 113 and 3616?
113
What is the highest common divisor of 1169 and 1603?
7
Calculate the greatest common divisor of 118750 and 450.
50
Calculate the greatest common divisor of 1615 and 21641.
323
Calculate the greatest common factor of 1328 and 29548.
332
Calculate the highest common divisor of 48750 and 2080.
130
Calculate the greatest common divisor of 40706 and 8.
2
Calculate the highest common divisor of 175 and 46760.
35
Calculate the highest common divisor of 5518 and 1513.
89
Calculate the highest common factor of 1310 and 22000.
10
Calculate the highest common factor of 342 and 12464.
38
Calculate the highest common divisor of 56129 and 82.
41
Calculate the greatest common factor of 38 and 1618.
2
What is the highest common factor of 57789 and 27?
9
Calculate the greatest common divisor of 529417 and 371.
371
Calculate the highest common divisor of 4774 and 4123.
217
Calculate the greatest common divisor of 8352 and 8874.
522
Calculate the highest common divisor of 4223 and 27089.
103
Calculate the greatest common factor of 5189184 and 168.
168
What is the greatest common factor of 186780 and 52638?
1698
Calculate the greatest common factor of 238 and 4046.
238
What is the highest common divisor of 2640729 and 51?
51
What is the greatest common factor of 108 and 202176?
108
What is the greatest common factor of 40 and 2104?
8
Calculate the greatest common factor of 124 and 6634.
62
What is the highest common factor of 36918 and 3654?
126
What is the greatest common divisor of 2170 and 1435?
35
Calculate the greatest common factor of 15732 and 1710.
342
Calculate the greatest common factor of 140 and 2026430.
70
What is the greatest common factor of 3579 and 965137?
1193
Calculate the highest common divisor of 198 and 54423.
9
What is the highest common divisor of 35757 and 174?
87
Calculate the greatest common divisor of 8 and 152552.
8
Calculate the greatest common factor of 1197 and 441.
63
Calculate the greatest common divisor of 75 and 75165.
15
What is the highest common factor of 880 and 7340?
20
Calculate the greatest common factor of 206733 and 3.
3
Calculate the highest common factor of 132297 and 627.
627
Calculate the highest common factor of 563 and 337237.
563
What is the greatest common divisor of 53678 and 2?
2
Calculate the highest common divisor of 96 and 4804.
4
Calculate the greatest common factor of 793 and 351.
13
What is the greatest common factor of 12798 and 1738?
158
What is the highest common divisor of 198 and 1860966?
18
Calculate the highest common factor of 59161 and 134.
67
Calculate the greatest common divisor of 6250 and 3650.
50
What is the greatest common divisor of 2769 and 7813?
13
Calculate the highest common divisor of 363 and 141339.
33
What is the highest common factor of 6948 and 162?
18
What is the highest common divisor of 6165 and 3288?
411
What is the greatest common divisor of 24 and 17504?
8
What is the highest common divisor of 226233 and 19?
19
What is the greatest common divisor of 2215 and 440?
5
What is the highest common divisor of 1750 and 320000?
250
Calculate the greatest common factor of 724000 and 25000.
1000
Calculate the highest common divisor of 213636 and 304.
76
Calculate the greatest common divisor of 1086 and 1986.
6
What is the greatest common divisor of 353556 and 976?
244
What is the greatest common divisor of 70 and 171290?
70
What is the greatest common factor of 554 and 2436769?
277
What is the highest common factor of 231 and 1493547?
33
What is the highest common factor of 1008 and 70032?
48
Calculate the greatest common factor of 104 and 2394470.
26
Calculate the greatest common factor of 386 and 125257.
193
What is the highest common divisor of 213 and 1065?
213
What is the highest common divisor of 545 and 28013?
109
Calculate the greatest common factor of 1928 and 33272.
8
Calculate the highest common factor of 56724 and 11136.
348
What is the highest common divisor of 60993 and 243?
243
Calculate the highest common divisor of 1210 and 3490.
10
What is the highest common factor of 63 and 6937?
7
Calculate the greatest common factor of 4897 and 913.
83
Calculate the highest common divisor of 3815 and 415290.
545
Calculate the highest common divisor of 142 and 670.
2
Calculate the highest common factor of 116 and 2823672.
116
What is the greatest common factor of 609 and 8961?
87
Calculate the greatest common factor of 24 and 382692.
12
Calculate the greatest common divisor of 16 and 462096.
16
Calculate the greatest common factor of 36639 and 295.
59
Calculate the highest common factor of 259022 and 2.
2
Calculate the highest common factor of 5328 and 671661.
333
Calculate the highest common divisor of 17136 and 16422.
714
What is the highest common factor of 13032 and 905?
181
What is the highest common divisor of 573 and 264153?
573
What is the highest common factor of 387277 and 2261?
323
What is the greatest common divisor of 29493 and 783?
261
What is the highest common divisor of 1295 and 310837?
37
Calculate the highest common factor of 7344 and 114291.
459
Calculate the greatest common factor of 161585 and 35.
5
Calculate the highest common divisor of 36 and 7662.
6
Calculate the greatest common divisor of 17072 and 1430.
22
What is the greatest common factor of 228 and 61860?
12
What is the highest common divisor of 68 and 81974?
34
What is the highest common factor of 1560 and 97240?
520
What is the highest common factor of 2739535 and 710?
355
Calculate the highest common divisor of 2568 and 14064.
24
What is the greatest common divisor of 804470 and 10?
10
What is the greatest common divisor of 265545 and 281?
281
Calculate the highest common divisor of 10 and 81790.
10
What is the greatest common factor of 3268 and 3214895?
817
Calculate the highest common divisor of 1891 and 434.
31
Calculate the highest common factor of 9690 and 12198.
114
Calculate the highest common divisor of 37740 and 912.
12
What is the greatest common divisor of 232 and 129224?
232
Calculate the greatest common factor of 1296 and 152496.
432
Calculate the greatest common factor of 188408 and 264.
88
Calculate the highest common factor of 135242 and 76.
38
What is the highest common factor of 171 and 300789?
171
What is the highest common factor of 15 and 30755?
5
Calculate the greatest common divisor of 171 and 12103.
19
Calculate the greatest common factor of 22 and 43241.
11
Calculate the greatest common factor of 170 and 38230.
10
What is the highest common divisor of 211 and 277?
1
Calculate the greatest common factor of 3480 and 8410.
290
What is the highest common divisor of 6872027 and 181?
181
Calculate the highest common divisor of 511 and 161.
7
What is the highest common divisor of 24162 and 18?
6
Calculate the greatest common factor of 30380 and 40.
20
What is the highest common factor of 1948 and 131977?
487
What is the highest common factor of 5724 and 22048?
212
What is the greatest common divisor of 285 and 1445115?
15
What is the highest common factor of 3396 and 1282839?
849
Calculate the greatest common factor of 55261 and 365.
73
Calculate the greatest common factor of 6272 and 414848.
896
Calculate the greatest common divisor of 86480 and 575.
115
What is the highest common factor of 802116 and 12852?
756
What is the greatest common divisor of 684 and 127452?
228
Calculate the greatest common factor of 136 and 207060.
68
What is the highest common factor of 228973 and 34?
17
Calculate the highest common factor of 2448 and 156808.
136
What is the highest common factor of 299 and 2587?
13
Calculate the highest common divisor of 40400 and 5555.
505
What is the greatest common divisor of 330293 and 17?
17
What is the highest common factor of 2171533 and